s 46 divide 197240?
False
Does 83 divide 666075?
True
Does 530 divide 88510?
True
Is 133056 a multiple of 36?
True
Is 7 a factor of 45920?
True
Does 121 divide 723580?
True
Is 601071 a multiple of 5?
False
Does 38 divide 63764?
True
Does 76 divide 4754102?
False
Does 33 divide 895359?
False
Is 771572 a multiple of 67?
True
Does 13 divide 78377?
True
Does 26 divide 16767215?
False
Does 170 divide 155588?
False
Does 53 divide 61303?
False
Is 96 a factor of 117117?
False
Does 82 divide 74128?
True
Does 38 divide 24757608?
True
Is 7 a factor of 439131?
True
Does 129 divide 572502?
True
Is 823624 a multiple of 20?
False
Is 21 a factor of 3571533?
True
Is 7 a factor of 19950?
True
Is 25102856 a multiple of 18?
False
Does 1262 divide 2635035?
False
Does 561 divide 2608650?
True
Is 16 a factor of 1924176?
True
Does 18 divide 5072472?
True
Is 14532804 a multiple of 143?
True
Is 4885543 a multiple of 13?
True
Is 20807 a multiple of 78?
False
Is 820410 a multiple of 69?
True
Is 3 a factor of 41396?
False
Is 906566 a multiple of 31?
False
Does 73 divide 6118495?
True
Is 105468 a multiple of 92?
False
Does 42 divide 3464958?
True
Does 128 divide 365696?
True
Does 509 divide 1564055?
False
Does 100 divide 586753?
False
Does 27 divide 16812078?
False
Is 16 a factor of 237104?
True
Is 76154 a multiple of 10?
False
Does 14 divide 346321?
False
Is 90 a factor of 329580?
True
Is 11 a factor of 334456?
False
Is 41354 a multiple of 31?
True
Is 794394 a multiple of 6?
True
Is 18730656 a multiple of 96?
True
Is 4448179 a multiple of 89?
False
Is 24979 a multiple of 34?
False
Is 16651714 a multiple of 8?
False
Is 91 a factor of 1350349?
True
Is 18641 a multiple of 3?
False
Is 10 a factor of 20780?
True
Does 74 divide 1113543?
False
Is 637 a factor of 3808623?
True
Is 20 a factor of 72047?
False
Does 408 divide 14884656?
True
Is 15 a factor of 15225?
True
Does 14 divide 365330?
True
Does 114 divide 118033?
False
Does 19 divide 4166738?
True
Is 1816546 a multiple of 17?
False
Is 1032384 a multiple of 6?
True
Does 430 divide 246390?
True
Is 29 a factor of 5696273?
False
Is 389 a factor of 97613?
False
Does 183 divide 115491?
False
Is 696 a factor of 202536?
True
Does 8 divide 514612?
False
Is 15 a factor of 179951?
False
Is 10821699 a multiple of 25?
False
Is 11 a factor of 15257?
True
Does 80 divide 1050800?
True
Is 254 a factor of 232641?
False
Is 12 a factor of 491227?
False
Is 1669695 a multiple of 709?
True
Is 9739659 a multiple of 755?
False
Is 22791 a multiple of 321?
True
Is 11 a factor of 195660?
False
Is 47698 a multiple of 14?
True
Is 80 a factor of 190970?
False
Does 894 divide 7045413?
False
Is 70 a factor of 83090?
True
Is 5687232 a multiple of 8?
True
Does 178 divide 37696?
False
Is 107 a factor of 5641468?
True
Is 493596 a multiple of 6?
True
Is 284992 a multiple of 19?
False
Is 3407970 a multiple of 10?
True
Is 298 a factor of 1907796?
True
Does 133 divide 103873?
True
Is 31 a factor of 489151?
False
Is 4 a factor of 652?
True
Does 18 divide 8165?
False
Is 210 a factor of 128950?
False
Is 224741 a multiple of 118?
False
Is 31 a factor of 2669906?
True
Does 11 divide 191896?
False
Is 130 a factor of 1838460?
True
Is 43127 a multiple of 61?
True
Does 425 divide 726750?
True
Does 16 divide 9754643?
False
Is 974623 a multiple of 13?
True
Is 1105965 a multiple of 68?
False
Is 193 a factor of 857499?
True
Is 6651 a multiple of 3?
True
Is 26379 a multiple of 4?
False
Does 18 divide 1322026?
False
Is 30 a factor of 36485280?
True
Does 19 divide 776846?
False
Does 14 divide 14519957?
False
Does 10 divide 289449?
False
Is 773 a factor of 1320942?
False
Is 1160928 a multiple of 348?
True
Does 26 divide 1403949?
False
Is 440893 a multiple of 159?
False
Is 363384 a multiple of 46?
False
Is 903364 a multiple of 308?
True
Is 115993 a multiple of 12?
False
Does 216 divide 10584?
True
Is 227196 a multiple of 12?
True
Is 20 a factor of 126719?
False
Is 57097 a multiple of 795?
False
Does 4 divide 118082?
False
Is 451 a factor of 8368656?
False
Is 15 a factor of 5358728?
False
Is 190 a factor of 173829?
False
Is 11 a factor of 86531?
False
Is 208 a factor of 793312?
True
Is 147 a factor of 1886745?
True
Does 11 divide 518474?
True
Does 580 divide 17835580?
True
Is 1623 a factor of 1527243?
True
Is 18 a factor of 7860996?
True
Is 130 a factor of 94447?
False
Does 6 divide 509410?
False
Is 84 a factor of 592696?
False
Is 43 a factor of 913664?
True
Does 74 divide 101380?
True
Is 6313542 a multiple of 211?
True
Does 93 divide 47880?
False
Is 417 a factor of 13877116?
False
Does 45 divide 103590?
True
Is 9 a factor of 7136940?
False
Is 128 a factor of 15226624?
True
Does 22 divide 246231?
False
Is 42 a factor of 591108?
True
Is 265 a factor of 3382460?
True
Does 726 divide 6512220?
True
Is 138421 a multiple of 74?
False
Does 880 divide 2063600?
True
Is 199030 a multiple of 130?
True
Is 347932 a multiple of 100?
False
Is 163 a factor of 4556665?
True
Is 131536 a multiple of 16?
True
Is 13 a factor of 208052?
True
Is 3844506 a multiple of 282?
True
Is 449530 a multiple of 108?
False
Is 242 a factor of 150282?
True
Is 12 a factor of 991021?
False
Is 46 a factor of 81512?
True
Does 245 divide 2566992?
False
Does 405 divide 1424385?
True
Is 1224567 a multiple of 30?
False
Does 132 divide 10276414?
False
Is 542 a factor of 243041?
False
Does 469 divide 17944?
False
Does 21 divide 1613551?
False
Is 91808 a multiple of 89?
False
Is 26208889 a multiple of 1999?
True
Is 12056 a multiple of 22?
True
Is 1052225 a multiple of 365?
False
Is 46270 a multiple of 5?
True
Is 9 a factor of 63214?
False
Is 409 a factor of 181596?
True
Is 722550 a multiple of 30?
True
Is 558 a factor of 2026802?
False
Does 47 divide 2205179?
False
Is 3 a factor of 757385?
False
Is 46 a factor of 492464?
False
Is 390 a factor of 498940?
False
Is 219 a factor of 6789?
True
Is 139236 a multiple of 41?
True
Is 41805 a multiple of 14?
False
Is 5603389 a multiple of 6?
False
Is 26 a factor of 197106?
True
Is 6 a factor of 1116720?
True
Is 96998 a multiple of 457?
False
Does 59 divide 290044?
True
Is 29 a factor of 154628?
True
Is 285 a factor of 692835?
True
Does 135 divide 161560?
False
Is 135 a factor of 1221501?
False
Is 6320728 a multiple of 41?
False
Is 361362 a multiple of 229?
True
Is 133632 a multiple of 297?
False
Is 286 a factor of 134577?
False
Is 201652 a multiple of 57?
False
Does 24 divide 128282?
False
Does 44 divide 1865299?
False
Does 76 divide 9820872?
True
Is 199 a factor of 554812?
True
Is 213 a factor of 128865?
True
Is 158807 a multiple of 415?
False
Does 12 divide 164663?
False
Does 311 divide 12502608?
False
Is 208062 a multiple of 27?
True
Is 225 a factor of 176067?
False
Is 122 a factor of 4792?
False
Does 5 divide 54686?
False
Does 50 divide 2674450?
True
Is 81 a factor of 390869?
False
Does 52 divide 182884?
True
Is 597608 a multiple of 11?
True
Is 670 a factor of 20422940?
True
Is 5918500 a multiple of 175?
True
Does 17 divide 114954?
True
Does 102 divide 1047675?
False
Does 770 divide 46411?
False
Does 83 divide 152290?
False
Is 40 a factor of 95840?
True
Does 173 divide 8029860?
False
Is 2519880 a multiple of 16?
False
Is 42 a factor of 218501?
False
Does 156 divide 2103?
False
Does 41 divide 129039?
False
Is 52 a factor of 197035?
False
Does 11 divide 1739870?
True
Is 1404299 a multiple of 4?
False
Is 8033317 a multiple of 34?
False
Is 103818 a multiple of 16?
False
Does 846 divide 2704710?
False
Is 205703 a multiple of 6?
False
Does 1335 divide 16790295?
True
Does 118 divide 289383?
False
Is 384489 a multiple of 17?
True
Is 12 a factor of 265872?
True
Is 1959 a multiple of 21?
False
Is 7697348 a multiple of 541?
True
Is 40 a factor of 1512180?
False
Is 234 a factor of 2061934?
False
Is 551 a factor of 2625515?
True
Is 4 a factor of 40748?
True
Does 244 divide 170238?
False
Is 7848 a multiple of 6?
True
Does 54 divide 64584?
True
Does 21 divide 471345?
True
Does 3 divide 88095?
True
Does 35 divide 132849?
False
Is 314027 a multiple of 165?
False
Is 595296 a multiple of 432?
True
Is 282 a factor of 50204?
False
Is 34 a factor of 5381826?
True
Does 30 divide 157701?
False
Is 21 a factor of 56280?
True
Does 484 divide 1858560?
True
Does 39 divide 419016?
True
Is 1748774 a multiple of 5